 0. What is the tens digit of j?
1
Let z = 23 + -47. Let f be (z/10)/(22/110). Let l = -7 - f. What is the units digit of l?
5
Let r(m) = 5*m**2 - 20*m - 4. What is the units digit of r(9)?
1
What is the hundreds digit of 82/5*(-18 + 68 - 15)?
5
Let g be ((-3)/(-4))/((20/(-304))/5). Let o = 100 + g. What is the tens digit of o?
4
Let r(s) = -s**2 - 13*s - 8. What is the units digit of r(-6)?
4
Let g be 2*(2 + 2)*14. Let s = 178 - g. What is the tens digit of s?
6
Suppose -2*f - 5*r + 1672 = 182, 0 = 5*f - 4*r - 3791. What is the tens digit of f?
5
Suppose 3*b + o = -3*o - 825, -o + 1398 = -5*b. Let d = b - -483. What is the tens digit of d?
0
Let x = -36 + 41. Suppose -2*c + 2*y + 134 = 0, 18 = 3*c - x*y - 185. What is the tens digit of c?
6
Let r(l) = 3*l**2 + 27*l - 247. What is the hundreds digit of r(14)?
7
Let v(r) = 9*r + 3. Let l be v(-6). Let t = l - -101. What is the units digit of t?
0
Let v = -12 + 13. Let u(o) = 3*o**2 + 1. Let c be u(v). Suppose 0*f + 132 = c*f + 2*z, 3*z - 23 = -f. What is the units digit of f?
5
Suppose 0 = 2*h + 2*i - 17 + 73, -3*h = -4*i + 91. Let t = -25 - h. Suppose -t*z + 7*z = -d - 1, -2*d + 48 = -4*z. What is the units digit of d?
4
What is the units digit of ((-9)/3 - 10/(-3))*24?
8
Let p be 3*(-4)/(-12*1). Let f = -13 - -8. What is the tens digit of (-264)/(-5) - p/f?
5
Let w = -15 - -11. Let t(d) = d**3 + 4*d**2 - 6*d - 3. Let o be t(w). Suppose 11 = 4*r - o. What is the units digit of r?
8
Let r(i) = 3*i**2 - 5*i + 4. Let y be r(1). Let q(k) = 5*k**3 - 4*k**2 - k + 2. What is the units digit of q(y)?
4
Suppose -5*j = 5*u - 290, -1 = j + 1. Suppose -4*s - 52 = 2*z, z = -5*s - u + 1. Let k = s - -38. What is the tens digit of k?
2
Let q be 1/1*(4 - 0). Let t(h) = 28*h**2 - 4*h - 4. Let b be t(q). What is the units digit of b/7 - (-1)/(-7)?
1
Let i(q) = -2*q**2 - 9*q - 13. Let c(d) = -d**2 + d. Let n(r) = 3*c(r) - i(r). Let h be n(9). What is the units digit of 432/h + 1/5?
1
Suppose 2*q + n = 1695, -q = 2*q - 4*n - 2548. What is the units digit of q?
8
Let i be (1 - 1)/(5 + -7). Suppose -5*x + 23 + 12 = i. Suppose x - 3 = f. What is the units digit of f?
4
Suppose -j = -5*w - 259, 4*w - 2*w - 578 = -2*j. What is the tens digit of j?
8
Let l(z) = -11*z - 3. Let m = 7 - 22. Let n = m + 12. What is the tens digit of l(n)?
3
Suppose 68*b - 63*b - 6710 = 0. What is the hundreds digit of b?
3
Suppose -5*v + 5 = -10. Suppose y - 2*j = -0*j + 8, v*j = 5*y - 75. Suppose -4*i - 2*t + y = -3*i, -3*i - 3*t = -45. What is the units digit of i?
2
Suppose -4*b = -q - 3546, 0 = 4*b - 2*q + 7*q - 3558. What is the units digit of b?
7
What is the tens digit of 4 + -1 - (-25)/((-100)/(-1992))?
0
Let m = -3 - 1. Let s = 6 + m. What is the units digit of s?
2
Let l be 1*(4 - 0) + 271. Suppose 75 = -5*i + l. What is the units digit of i?
0
Let c(m) be the third derivative of -m**5/60 + m**4/6 + m**3/6 + 8*m**2. Let y be c(5). What is the tens digit of y/12*-3 + 12?
1
Let i be 4 - (1 - -4*(-14)/4). Let t = i - -82. What is the tens digit of t?
9
Suppose -4*p - 4*y - 64 = 0, y - 29 = -0*p + 2*p. Let d(f) = -f**3 - 15*f**2 - 4*f - 22. What is the units digit of d(p)?
8
Suppose 5*c = -4*v + 134, 0 = 4*c + v - 119 + 3. Let y = -30 + c. Suppose y = 4*g + 1 - 5, -2*g + 307 = 5*u. What is the units digit of u?
1
Let t(i) be the second derivative of -193*i**5/20 + i**4/12 + i**3/2 + i**2/2 - 39*i. What is the tens digit of t(-1)?
9
Suppose 0*a - 3*a - 108 = 0. Let j be 8/(-3)*a/24. Suppose -2*x - 23 = -2*p - 85, 0 = -2*x + j*p + 58. What is the units digit of x?
3
Suppose 0 = -v - 2*m + 615, 4*v - 8*v - 2*m = -2436. What is the units digit of v?
7
Let r(f) = 398*f**2 - 4. What is the hundreds digit of r(-2)?
5
Let u be (526/4)/(3/6). Suppose 5*j - 353 = -4*p, 4*j + 3*p - 20 = u. What is the units digit of j?
3
Let f(a) = -a**2 - 18*a - 76. Let t be f(-12). Let r(g) = -3*g**3 - g + 1. Let m be r(1). What is the units digit of (-5)/(m + (-11)/t)?
0
Let r = 753 - 405. What is the tens digit of r?
4
Suppose -2*x + 0*x = 2*r - 120, -2*x - 3*r + 122 = 0. Let q = 118 - x. What is the units digit of q?
0
Suppose -33*p + 6358 = -22*p. What is the tens digit of p?
7
Let c = 539 - 176. What is the tens digit of c?
6
Suppose -3*n + 4*n - 9 = 0. Suppose 0 = 2*f - 5*f + n. Suppose -f*x = -x - 6. What is the units digit of x?
3
Suppose 353 = -10*f + 3653. What is the tens digit of f?
3
Let h = -17 + 23. Suppose -6*x + 48 = -2*x. What is the units digit of h*x/8 + 3?
2
Let v(j) = 38*j**2 - 32*j - 41. What is the units digit of v(-7)?
5
Suppose 5*n + 1464 = 8*n. Let s = -266 + n. What is the tens digit of s?
2
Let l = 19 + -9. Suppose l*n = 3*n + 273. What is the tens digit of n?
3
Suppose -2 = 2*t - 112. Suppose -3*a = 13 - t. What is the units digit of a?
4
Suppose 517 = 4*f + 5*m, 0*m + m = 3*f - 364. What is the tens digit of (50/2)/(7 + f/(-18))?
5
Suppose -x = 19*z - 18*z - 103, -x + 2 = 0. What is the hundreds digit of z?
1
Let k(l) = 136*l**2 + 2*l. Let z be k(1). Suppose -1 = q - 4*a, -4*a + 45 = 3*q - 0*q. Suppose -8*u - z = -q*u. What is the units digit of u?
6
Let g(l) = 6*l**2 + 39*l + 10. What is the units digit of g(-12)?
6
Suppose 2 = 4*u - 10. Let f be (-66)/18 - 1/u. Let v(b) = -15*b + 9. What is the units digit of v(f)?
9
Let f be 10/(-35) + 1539/21. Let o = f + -53. What is the tens digit of o?
2
Let f(d) = 27*d - 12. Let l be f(6). Let z = -99 + l. What is the tens digit of z?
5
Suppose -14*i - 5161 = -27*i. What is the hundreds digit of i?
3
Let s be 20/(-25)*(-10)/4. Suppose -s*h + 4 = 10. What is the units digit of h/(-4)*32/12?
2
What is the units digit of ((-351)/36)/((-28)/(-16) + -2)?
9
Suppose 4*r - 2 = 6, r = -2*n + 60. Let z = -12 + n. What is the tens digit of z?
1
What is the units digit of 5/30 + (-3922)/(-12)?
7
What is the units digit of (-1 + -56)/(9/(-57) + 0)?
1
Suppose -5*z + 128 = o, 5*o = 3*z - 0*z + 752. Let a = -86 + o. What is the tens digit of a?
6
Let a = -69 - -62. What is the units digit of (-391)/a - (-39)/273?
6
Let m = -46 - -1. Let p = 10 - m. What is the tens digit of p?
5
Let g = -64 - -34. Let j = g - -92. What is the tens digit of j?
6
Let m be (4 + 56/(-20))*-15. Let v = m - -24. What is the tens digit of v/3 - (-21 + 0)?
2
Suppose -2*b + 7*b - n = 7469, -2*b + 5*n = -3006. What is the units digit of b?
3
Let u(d) = d**3 + 6*d**2 - 2*d - 11. Let y be u(-6). Let c(x) = 2*x + 0 + 8*x**2 + y - 8*x**2 - 19*x**3. What is the units digit of c(-1)?
8
Suppose 2*r - 11 - 7 = 0. Suppose -2*q + r = q. Suppose 2*k - q*s - 69 = 2*s, 3*k = -3*s + 114. What is the units digit of k?
7
Let n(v) be the second derivative of 12*v + 0 + 5/2*v**3 - 1/2*v**2. What is the tens digit of n(1)?
1
Let x be 3*(1 - 1 - -3). What is the units digit of 489/9 - 3/x?
4
What is the hundreds digit of 746 + 5*(-12 - -10)?
7
Suppose 0 = 6*y - 0*y - 30. Let d be 8/(-5)*y/(-2). Suppose 2*l + 9 = d*p + p, 0 = 5*p - 4*l - 13. What is the units digit of p?
1
Suppose 0 = -3*b - 9, 3*x - x - 775 = -3*b. What is the hundreds digit of x?
3
Suppose -4*a + 105 = -5*z + 2*z, 3*a - z - 80 = 0. Suppose 2*k - 69 = -5*v, -a = -2*k + k - v. What is the tens digit of k?
2
Suppose -4*j = i - 7*j - 18, 0 = -5*i - 5*j - 10. Let s(k) = k**3 + 2*k**2 - k - 5. What is the tens digit of s(i)?
3
Let y(t) = 2*t**2 + 4*t + 44. Suppose 2*w - 4*a = 2, 4*w + 2*a + 16 = 5*a. What is the tens digit of y(w)?
1
Let u(d) = 107*d**3 - 3*d**2 - 4*d + 37. What is the tens digit of u(3)?
8
Let v be 9/(-6) - (-1)/2. Let y(f) = -9*f**3 - f**2 - f - 1. Let q be y(v). Let z = 14 + q. What is the tens digit of z?
2
Suppose 0 = -5*d - r + 21, 3*r = 5*d - 8*d + 3. Suppose -5*z + 50 = -d*w, -w - 1 = -0*w. What is the units digit of z?
9
Let x(b) = 4*b - 18. Let l be x(12). Suppose 0 = -s - 4*s + l. What is the units digit of 5 + 5*s/15?
7
Let h(f) be the first derivative of -5*f**2/2 + 7*f - 3. Let b be h(3). Let i = -2 - b. What is the units digit of i?
6
Let j = 530 - 306. Suppose 0 = 3*w - j - 124. What is the hundreds digit of w?
1
Suppose 0 = 3*m - 1 + 4. Let c be (-7)/((m - -3)/50). What is the units digit of c/(-14) - (-6)/4?
4
Suppose 3*l = -4*n - 38 - 2, -2*n = -5*l - 84. Let h be (l/(-6))/(2/3). Suppose 3*t - 3*p - 16 = 47, 0 = h*t + 5*p - 102. What is the tens d